{"id":882,"date":"2025-04-14T11:17:12","date_gmt":"2025-04-14T09:17:12","guid":{"rendered":"https:\/\/opiim.com\/?page_id=882"},"modified":"2025-04-14T14:39:57","modified_gmt":"2025-04-14T12:39:57","slug":"apports","status":"publish","type":"page","link":"https:\/\/opiim.com\/?page_id=882","title":{"rendered":"Apport de connaissances et comp\u00e9tences"},"content":{"rendered":"<div data-colibri-id=\"882-c1\" class=\"style-457 style-local-882-c1 position-relative\">\n  <!---->\n  <div data-colibri-component=\"section\" data-colibri-id=\"882-c2\" id=\"custom-2\" class=\"h-section h-section-global-spacing d-flex align-items-lg-center align-items-md-center align-items-center style-462 style-local-882-c2 position-relative\">\n    <!---->\n    <!---->\n    <div class=\"h-section-grid-container h-section-boxed-container\">\n      <!---->\n      <div data-colibri-id=\"882-c14\" class=\"h-row-container gutters-row-lg-2 gutters-row-md-2 gutters-row-0 gutters-row-v-lg-2 gutters-row-v-md-2 gutters-row-v-2 style-495 style-local-882-c14 position-relative\">\n        <!---->\n        <div class=\"h-row justify-content-lg-center justify-content-md-center justify-content-center align-items-lg-stretch align-items-md-stretch align-items-stretch gutters-col-lg-2 gutters-col-md-2 gutters-col-0 gutters-col-v-lg-2 gutters-col-v-md-2 gutters-col-v-2\">\n          <!---->\n          <div class=\"h-column h-column-container d-flex h-col-lg-auto h-col-md-auto h-col-auto style-496-outer style-local-882-c15-outer\">\n            <div data-colibri-id=\"882-c15\" class=\"d-flex h-flex-basis h-column__inner h-px-lg-2 h-px-md-2 h-px-2 v-inner-lg-2 v-inner-md-2 v-inner-2 style-496 style-local-882-c15 position-relative\">\n              <!---->\n              <!---->\n              <div class=\"w-100 h-y-container h-column__content h-column__v-align flex-basis-100 align-self-lg-start align-self-md-start align-self-start\">\n                <!---->\n                <div data-colibri-id=\"882-c17\" class=\"h-x-container style-498 style-local-882-c17 position-relative h-element\">\n                  <!---->\n                  <div class=\"h-x-container-inner style-dynamic-882-c17-group style-498-spacing style-local-882-c17-spacing\"><span class=\"h-link__outer style-499-outer style-local-882-c18-outer d-inline-flex h-element\"><a h-use-smooth-scroll=\"true\" href=\"https:\/\/opiim.com\/\"  data-colibri-id=\"882-c18\" class=\"d-flex w-100 align-items-center h-link style-499 style-local-882-c18 position-relative\"><!----><!----> <span>Retour<\/span><\/a>\n                    <\/span>\n                  <\/div>\n                <\/div>\n              <\/div>\n            <\/div>\n          <\/div>\n        <\/div>\n      <\/div>\n      <div data-colibri-id=\"882-c3\" class=\"h-row-container gutters-row-lg-1 gutters-row-md-1 gutters-row-0 gutters-row-v-lg-1 gutters-row-v-md-1 gutters-row-v-1 style-463 style-local-882-c3 position-relative\">\n        <!---->\n        <div class=\"h-row justify-content-lg-start justify-content-md-start justify-content-start align-items-lg-stretch align-items-md-stretch align-items-stretch gutters-col-lg-1 gutters-col-md-1 gutters-col-0 gutters-col-v-lg-1 gutters-col-v-md-1 gutters-col-v-1\">\n          <!---->\n          <div class=\"h-column h-column-container d-flex h-col-lg-auto h-col-md-auto h-col-auto style-464-outer style-local-882-c4-outer\">\n            <div data-colibri-id=\"882-c4\" class=\"d-flex h-flex-basis h-column__inner h-px-lg-0 h-px-md-0 h-px-0 v-inner-lg-0 v-inner-md-0 v-inner-0 style-464 style-local-882-c4 position-relative\">\n              <!---->\n              <!---->\n              <div class=\"w-100 h-y-container h-column__content h-column__v-align flex-basis-100 align-self-lg-start align-self-md-start align-self-start\">\n                <!---->\n                <div data-colibri-id=\"882-c5\" class=\"h-text h-text-component style-465 style-local-882-c5 position-relative h-element\">\n                  <!---->\n                  <!---->\n                  <div class=\"\">\n                    <h5>\n                      <br>Socle commun de connaissances<\/h5>\n                    <p>Dans un environnement en constante \u00e9volution, il est essentiel de garantir que les \u00e9quipes partagent un socle commun de connaissances et de pratiques. Nous proposons des parcours structur\u00e9s pour aligner les comp\u00e9tences cl\u00e9s sur les\n                      besoins strat\u00e9giques de votre organisation.<\/p>\n                    <p>Cet accompagnement permet de cr\u00e9er un langage commun, en particulier autour des enjeux de leadership, afin de favoriser la collaboration, la compr\u00e9hension mutuelle et l\u2019adh\u00e9sion collective aux objectifs.<\/p>\n                  <\/div>\n                <\/div>\n              <\/div>\n            <\/div>\n          <\/div>\n          <div class=\"h-column h-column-container d-flex h-col-lg-auto h-col-md-auto h-col-auto style-466-outer style-local-882-c6-outer\">\n            <div data-colibri-id=\"882-c6\" class=\"d-flex h-flex-basis h-column__inner h-px-lg-1 h-px-md-1 h-px-1 v-inner-lg-1 v-inner-md-1 v-inner-1 style-466 style-local-882-c6 position-relative\">\n              <!---->\n              <!---->\n              <div class=\"w-100 h-y-container h-column__content h-column__v-align flex-basis-100 align-self-lg-start align-self-md-start align-self-start\">\n                <!---->\n                <div data-colibri-id=\"882-c7\" class=\"d-block style-467 style-local-882-c7 position-relative h-element\">\n                  <!---->\n                  <div class=\"h-image__frame-container-outer\">\n                    <div class=\"h-image__frame-container\">\n                      <!---->\n                      <!---->\n                      <img loading=\"lazy\" decoding=\"async\" width=\"664\" height=\"664\" src=\"http:\/\/opiim.com\/wp-content\/uploads\/2025\/04\/cropped-Apport-1.jpg\" class=\"wp-image-894 style-467-image style-local-882-c7-image\" alt=\"\" srcset=\"https:\/\/opiim.com\/wp-content\/uploads\/2025\/04\/cropped-Apport-1.jpg 664w, https:\/\/opiim.com\/wp-content\/uploads\/2025\/04\/cropped-Apport-1-300x300.jpg 300w, https:\/\/opiim.com\/wp-content\/uploads\/2025\/04\/cropped-Apport-1-150x150.jpg 150w\" sizes=\"auto, (max-width: 664px) 100vw, 664px\" \/>\n                      <div class=\"h-image__frame h-hide-lg h-hide-md h-hide-sm style-467-frameImage style-local-882-c7-frameImage\"><\/div>\n                    <\/div>\n                  <\/div>\n                <\/div>\n              <\/div>\n            <\/div>\n          <\/div>\n        <\/div>\n      <\/div>\n    <\/div>\n  <\/div>\n  <div data-colibri-component=\"section\" data-colibri-id=\"882-c8\" id=\"custom-3\" class=\"h-section h-section-global-spacing d-flex align-items-lg-center align-items-md-center align-items-center style-468 style-local-882-c8 position-relative\">\n    <!---->\n    <!---->\n    <div class=\"h-section-grid-container h-section-boxed-container\">\n      <!---->\n      <div data-colibri-id=\"882-c9\" class=\"h-row-container gutters-row-lg-1 gutters-row-md-1 gutters-row-0 gutters-row-v-lg-1 gutters-row-v-md-1 gutters-row-v-1 style-469 style-local-882-c9 position-relative\">\n        <!---->\n        <div class=\"h-row justify-content-lg-start justify-content-md-start justify-content-start align-items-lg-stretch align-items-md-stretch align-items-stretch gutters-col-lg-1 gutters-col-md-1 gutters-col-0 gutters-col-v-lg-1 gutters-col-v-md-1 gutters-col-v-1\">\n          <!---->\n          <div class=\"h-column h-column-container d-flex h-col-lg-auto h-col-md-auto h-col-auto style-470-outer style-local-882-c10-outer\">\n            <div data-colibri-id=\"882-c10\" class=\"d-flex h-flex-basis h-column__inner h-px-lg-0 h-px-md-0 h-px-0 v-inner-lg-0 v-inner-md-0 v-inner-0 style-470 style-local-882-c10 position-relative\">\n              <!---->\n              <!---->\n              <div class=\"w-100 h-y-container h-column__content h-column__v-align flex-basis-100 align-self-lg-start align-self-md-start align-self-start\">\n                <!---->\n                <div data-colibri-id=\"882-c11\" class=\"h-text h-text-component style-471 style-local-882-c11 position-relative h-element\">\n                  <!---->\n                  <!---->\n                  <div class=\"\">\n                    <p>\n                      <br>\n                    <\/p>\n                    <h5>\n                      <br>Au-del\u00e0 du savoir, le savoir \u00eatre<\/h5>\n                    <p>Nous veillons \u00e0 ce que chaque acteur, quel que soit son r\u00f4le, dispose des outils n\u00e9cessaires pour agir avec coh\u00e9rence et efficacit\u00e9. Cette d\u00e9marche ne se limite pas \u00e0 transmettre des savoirs, mais vise \u00e0 int\u00e9grer des pratiques concr\u00e8tes\n                      et partag\u00e9es, adapt\u00e9es \u00e0 votre culture d\u2019entreprise.<\/p>\n                    <p>Le r\u00e9sultat est une organisation plus align\u00e9e, o\u00f9 les \u00e9quipes et les leaders avancent dans une direction commune avec une compr\u00e9hension claire des attentes et des priorit\u00e9s.<\/p>\n                  <\/div>\n                <\/div>\n              <\/div>\n            <\/div>\n          <\/div>\n          <div class=\"h-column h-column-container d-flex h-col-lg-auto h-col-md-auto h-col-auto style-472-outer style-local-882-c12-outer\">\n            <div data-colibri-id=\"882-c12\" class=\"d-flex h-flex-basis h-column__inner h-px-lg-1 h-px-md-1 h-px-1 v-inner-lg-1 v-inner-md-1 v-inner-1 style-472 style-local-882-c12 position-relative\">\n              <!---->\n              <!---->\n              <div class=\"w-100 h-y-container h-column__content h-column__v-align flex-basis-100 align-self-lg-start align-self-md-start align-self-start\">\n                <!---->\n                <div data-colibri-id=\"882-c13\" class=\"d-block style-473 style-local-882-c13 position-relative h-element\">\n                  <!---->\n                  <div class=\"h-image__frame-container-outer\">\n                    <div class=\"h-image__frame-container\">\n                      <!---->\n                      <!---->\n                      <img decoding=\"async\" src=\"https:\/\/opiim.com\/wp-content\/uploads\/2025\/04\/cropped-Apport-2-300x300.jpg\" class=\"style-473-image style-local-882-c13-image\">\n                      <div class=\"h-image__frame h-hide-lg h-hide-md h-hide-sm style-473-frameImage style-local-882-c13-frameImage\"><\/div>\n                    <\/div>\n                  <\/div>\n                <\/div>\n              <\/div>\n            <\/div>\n          <\/div>\n        <\/div>\n      <\/div>\n    <\/div>\n  <\/div>\n<\/div>","protected":false},"excerpt":{"rendered":"<p>Retour Socle commun de connaissances Dans un environnement en constante \u00e9volution, il est essentiel de garantir que les \u00e9quipes partagent un socle commun de connaissances et de pratiques. Nous proposons des parcours structur\u00e9s pour aligner les comp\u00e9tences cl\u00e9s sur les besoins strat\u00e9giques de votre organisation. Cet accompagnement permet de cr\u00e9er un langage commun, en particulier [&hellip;]<\/p>\n","protected":false},"author":1,"featured_media":0,"parent":0,"menu_order":0,"comment_status":"closed","ping_status":"closed","template":"page-templates\/full-width-page.php","meta":{"footnotes":""},"class_list":["post-882","page","type-page","status-publish","hentry"],"_links":{"self":[{"href":"https:\/\/opiim.com\/index.php?rest_route=\/wp\/v2\/pages\/882","targetHints":{"allow":["GET"]}}],"collection":[{"href":"https:\/\/opiim.com\/index.php?rest_route=\/wp\/v2\/pages"}],"about":[{"href":"https:\/\/opiim.com\/index.php?rest_route=\/wp\/v2\/types\/page"}],"author":[{"embeddable":true,"href":"https:\/\/opiim.com\/index.php?rest_route=\/wp\/v2\/users\/1"}],"replies":[{"embeddable":true,"href":"https:\/\/opiim.com\/index.php?rest_route=%2Fwp%2Fv2%2Fcomments&post=882"}],"version-history":[{"count":5,"href":"https:\/\/opiim.com\/index.php?rest_route=\/wp\/v2\/pages\/882\/revisions"}],"predecessor-version":[{"id":990,"href":"https:\/\/opiim.com\/index.php?rest_route=\/wp\/v2\/pages\/882\/revisions\/990"}],"wp:attachment":[{"href":"https:\/\/opiim.com\/index.php?rest_route=%2Fwp%2Fv2%2Fmedia&parent=882"}],"curies":[{"name":"wp","href":"https:\/\/api.w.org\/{rel}","templated":true}]}}