{"id":853,"date":"2025-04-14T11:03:36","date_gmt":"2025-04-14T09:03:36","guid":{"rendered":"https:\/\/opiim.com\/?page_id=853"},"modified":"2025-04-14T14:36:13","modified_gmt":"2025-04-14T12:36:13","slug":"plans-daction","status":"publish","type":"page","link":"https:\/\/opiim.com\/?page_id=853","title":{"rendered":"Support aux plans d\u2019action"},"content":{"rendered":"<div data-colibri-id=\"853-c1\" class=\"style-430 style-local-853-c1 position-relative\">\n  <!---->\n  <div data-colibri-component=\"section\" data-colibri-id=\"853-c2\" id=\"custom\" class=\"h-section h-section-global-spacing d-flex align-items-lg-center align-items-md-center align-items-center style-431 style-local-853-c2 position-relative\">\n    <!---->\n    <!---->\n    <div class=\"h-section-grid-container h-section-boxed-container\">\n      <!---->\n      <div data-colibri-id=\"853-c3\" class=\"h-row-container gutters-row-lg-0 gutters-row-md-0 gutters-row-0 gutters-row-v-lg-0 gutters-row-v-md-0 gutters-row-v-0 style-432 style-local-853-c3 position-relative\">\n        <!---->\n        <div class=\"h-row justify-content-lg-center justify-content-md-center justify-content-center align-items-lg-stretch align-items-md-stretch align-items-stretch gutters-col-lg-0 gutters-col-md-0 gutters-col-0 gutters-col-v-lg-0 gutters-col-v-md-0 gutters-col-v-0\">\n          <!---->\n          <div class=\"h-column h-column-container d-flex h-col-lg-auto h-col-md-auto h-col-auto style-433-outer style-local-853-c4-outer\">\n            <div data-colibri-id=\"853-c4\" class=\"d-flex h-flex-basis h-column__inner h-px-lg-2 h-px-md-2 h-px-2 v-inner-lg-2 v-inner-md-2 v-inner-2 style-433 style-local-853-c4 position-relative\">\n              <!---->\n              <!---->\n              <div class=\"w-100 h-y-container h-column__content h-column__v-align flex-basis-auto align-self-lg-start align-self-md-start align-self-start\">\n                <!---->\n                <div data-colibri-id=\"853-c5\" class=\"h-text h-text-component style-434 style-local-853-c5 position-relative h-element\">\n                  <!---->\n                  <!---->\n                  <div class=\"\">\n                    <p>Le succ\u00e8s d\u2019un plan d\u2019action repose sur une conception rigoureuse, une mise en \u0153uvre efficace et un suivi adapt\u00e9. Nous vous accompagnons \u00e0 chaque \u00e9tape, en proposant des solutions concr\u00e8tes et personnalis\u00e9es pour transformer vos objectifs\n                      strat\u00e9giques en r\u00e9sultats mesurables.<\/p>\n                  <\/div>\n                <\/div>\n              <\/div>\n            <\/div>\n          <\/div>\n        <\/div>\n      <\/div>\n      <div data-colibri-id=\"853-c29\" class=\"h-row-container gutters-row-lg-2 gutters-row-md-2 gutters-row-0 gutters-row-v-lg-2 gutters-row-v-md-2 gutters-row-v-2 style-491 style-local-853-c29 position-relative\">\n        <!---->\n        <div class=\"h-row justify-content-lg-center justify-content-md-center justify-content-center align-items-lg-stretch align-items-md-stretch align-items-stretch gutters-col-lg-2 gutters-col-md-2 gutters-col-0 gutters-col-v-lg-2 gutters-col-v-md-2 gutters-col-v-2\">\n          <!---->\n          <div class=\"h-column h-column-container d-flex h-col-lg-auto h-col-md-auto h-col-auto style-492-outer style-local-853-c30-outer\">\n            <div data-colibri-id=\"853-c30\" class=\"d-flex h-flex-basis h-column__inner h-px-lg-2 h-px-md-2 h-px-2 v-inner-lg-2 v-inner-md-2 v-inner-2 style-492 style-local-853-c30 position-relative\">\n              <!---->\n              <!---->\n              <div class=\"w-100 h-y-container h-column__content h-column__v-align flex-basis-100 align-self-lg-start align-self-md-start align-self-start\">\n                <!---->\n                <div data-colibri-id=\"853-c31\" class=\"h-x-container style-493 style-local-853-c31 position-relative h-element\">\n                  <!---->\n                  <div class=\"h-x-container-inner style-dynamic-853-c31-group style-493-spacing style-local-853-c31-spacing\"><span class=\"h-link__outer style-494-outer style-local-853-c32-outer d-inline-flex h-element\"><a h-use-smooth-scroll=\"true\" href=\"https:\/\/opiim.com\/\"  data-colibri-id=\"853-c32\" class=\"d-flex w-100 align-items-center h-link style-494 style-local-853-c32 position-relative\"><!----><!----> <span>Retour<\/span><\/a>\n                    <\/span>\n                  <\/div>\n                <\/div>\n              <\/div>\n            <\/div>\n          <\/div>\n        <\/div>\n      <\/div>\n    <\/div>\n  <\/div>\n  <div data-colibri-component=\"section\" data-colibri-id=\"853-c6\" id=\"custom-2\" class=\"h-section h-section-global-spacing d-flex align-items-lg-center align-items-md-center align-items-center style-435 style-local-853-c6 position-relative\">\n    <!---->\n    <!---->\n    <div class=\"h-section-grid-container h-section-boxed-container\">\n      <!---->\n      <div data-colibri-id=\"853-c7\" class=\"h-row-container gutters-row-lg-1 gutters-row-md-1 gutters-row-0 gutters-row-v-lg-1 gutters-row-v-md-1 gutters-row-v-1 style-436 style-local-853-c7 position-relative\">\n        <!---->\n        <div class=\"h-row justify-content-lg-center justify-content-md-center justify-content-center align-items-lg-stretch align-items-md-stretch align-items-stretch gutters-col-lg-1 gutters-col-md-1 gutters-col-0 gutters-col-v-lg-1 gutters-col-v-md-1 gutters-col-v-1\">\n          <!---->\n          <div class=\"h-column h-column-container d-flex h-col-lg-auto h-col-md-auto h-col-auto style-437-outer style-local-853-c8-outer\">\n            <div data-colibri-id=\"853-c8\" class=\"d-flex h-flex-basis h-column__inner h-px-lg-0 h-px-md-0 h-px-0 v-inner-lg-0 v-inner-md-0 v-inner-0 style-437 style-local-853-c8 position-relative\">\n              <!---->\n              <!---->\n              <div class=\"w-100 h-y-container h-column__content h-column__v-align flex-basis-100 align-self-lg-start align-self-md-start align-self-start\">\n                <!---->\n                <div data-colibri-id=\"853-c9\" class=\"h-text h-text-component style-438 style-local-853-c9 position-relative h-element\">\n                  <!---->\n                  <!---->\n                  <div class=\"\">\n                    <h5>D\u00e9veloppement de Plans d\u2019Actions Structur\u00e9s<\/h5>\n                    <p>Notre approche s\u2019appuie sur la m\u00e9thodologie GDAR, qui permet de structurer les plans d\u2019actions autour des \u00e9carts de performance (Gap), de leurs causes principales (Drivers), des actions cibl\u00e9es (Action) et des r\u00e9sultats attendus (Result).\n                      <\/p>\n                    <p>Nous identifions d\u2019abord les \u00e9carts entre la situation actuelle et les objectifs souhait\u00e9s, en analysant les facteurs bloquants ou limitants. Ensuite, nous vous aidons \u00e0 d\u00e9finir les leviers de changement -organisationnels ou humains-\n                      qui permettront de combler ces \u00e9carts de mani\u00e8re efficace. <\/p>\n                    <p>Enfin, nous fixons des r\u00e9sultats attendus pr\u00e9cis, qui guideront le suivi cibl\u00e9, et l\u2019ajustement des actions, assurant ainsi une progression concr\u00e8te et durable vers les objectifs strat\u00e9giques de votre organisation.<\/p>\n                  <\/div>\n                <\/div>\n              <\/div>\n            <\/div>\n          <\/div>\n          <div class=\"h-column h-column-container d-flex h-col-lg-auto h-col-md-auto h-col-auto style-439-outer style-local-853-c10-outer\">\n            <div data-colibri-id=\"853-c10\" class=\"d-flex h-flex-basis h-column__inner h-px-lg-1 h-px-md-1 h-px-1 v-inner-lg-1 v-inner-md-1 v-inner-1 style-439 style-local-853-c10 position-relative\">\n              <!---->\n              <!---->\n              <div class=\"w-100 h-y-container h-column__content h-column__v-align flex-basis-100 align-self-lg-start align-self-md-start align-self-start\">\n                <!---->\n                <div data-colibri-id=\"853-c11\" class=\"d-block style-440 style-local-853-c11 position-relative h-element\">\n                  <!---->\n                  <div class=\"h-image__frame-container-outer\">\n                    <div class=\"h-image__frame-container\">\n                      <!---->\n                      <!---->\n                      <img loading=\"lazy\" decoding=\"async\" width=\"996\" height=\"664\" src=\"http:\/\/opiim.com\/wp-content\/uploads\/2025\/04\/Action-1.jpg\" class=\"wp-image-866 style-440-image style-local-853-c11-image\" alt=\"\" srcset=\"https:\/\/opiim.com\/wp-content\/uploads\/2025\/04\/Action-1.jpg 996w, https:\/\/opiim.com\/wp-content\/uploads\/2025\/04\/Action-1-300x200.jpg 300w, https:\/\/opiim.com\/wp-content\/uploads\/2025\/04\/Action-1-768x512.jpg 768w\" sizes=\"auto, (max-width: 996px) 100vw, 996px\" \/>\n                      <div class=\"h-image__frame h-hide-lg h-hide-md h-hide-sm style-440-frameImage style-local-853-c11-frameImage\"><\/div>\n                    <\/div>\n                  <\/div>\n                <\/div>\n              <\/div>\n            <\/div>\n          <\/div>\n        <\/div>\n      <\/div>\n    <\/div>\n  <\/div>\n  <div data-colibri-component=\"section\" data-colibri-id=\"853-c12\" id=\"custom-3\" class=\"h-section h-section-global-spacing d-flex align-items-lg-center align-items-md-center align-items-center style-441 style-local-853-c12 position-relative\">\n    <!---->\n    <!---->\n    <div class=\"h-section-grid-container h-section-boxed-container\">\n      <!---->\n      <div data-colibri-id=\"853-c13\" class=\"h-row-container gutters-row-lg-1 gutters-row-md-1 gutters-row-0 gutters-row-v-lg-1 gutters-row-v-md-1 gutters-row-v-1 style-442 style-local-853-c13 position-relative\">\n        <!---->\n        <div class=\"h-row justify-content-lg-center justify-content-md-center justify-content-center align-items-lg-stretch align-items-md-stretch align-items-stretch gutters-col-lg-1 gutters-col-md-1 gutters-col-0 gutters-col-v-lg-1 gutters-col-v-md-1 gutters-col-v-1\">\n          <!---->\n          <div class=\"h-column h-column-container d-flex h-col-lg-auto h-col-md-auto h-col-auto style-443-outer style-local-853-c14-outer\">\n            <div data-colibri-id=\"853-c14\" class=\"d-flex h-flex-basis h-column__inner h-px-lg-1 h-px-md-1 h-px-1 v-inner-lg-1 v-inner-md-1 v-inner-1 style-443 style-local-853-c14 position-relative\">\n              <!---->\n              <!---->\n              <div class=\"w-100 h-y-container h-column__content h-column__v-align flex-basis-100 align-self-lg-start align-self-md-start align-self-start\">\n                <!---->\n                <div data-colibri-id=\"853-c15\" class=\"h-text h-text-component style-444 style-local-853-c15 position-relative h-element\">\n                  <!---->\n                  <!---->\n                  <div class=\"\">\n                    <h5>Accompagnement adapt\u00e9 \u00e0 vos enjeux<\/h5>\n                    <p>Pour relever les d\u00e9fis de l\u2019alignement strat\u00e9gique, de l\u2019efficacit\u00e9 manag\u00e9riale et de l\u2019optimisation des processus, nous utilisons vous proposons des outils et m\u00e9thodes d\u2019am\u00e9lioration \u00e9prouv\u00e9es, adapt\u00e9es aux besoins de chaque organisation.\n                      Notre accompagnement vise \u00e0 renforcer la coordination entre les \u00e9quipes et les niveaux hi\u00e9rarchiques en clarifiant les r\u00f4les, en \u00e9tablissant une communication coh\u00e9rente et en cr\u00e9ant une vision partag\u00e9e.<\/p>\n                    <p>Nous aidons \u00e9galement les managers \u00e0 d\u00e9velopper leurs comp\u00e9tences en leadership, en gestion et en communication, afin qu\u2019ils deviennent des relais efficaces des objectifs strat\u00e9giques. Gr\u00e2ce \u00e0 des outils d\u2019\u00e9valuation (individuels ou\n                      collectifs), nous identifions les points forts et les axes d\u2019am\u00e9lioration, permettant \u00e0 l\u2019encadrement de mieux mobiliser ses \u00e9quipes et d\u2019atteindre des standards \u00e9lev\u00e9s de performance.<\/p>\n                    <p>Enfin, nous travaillons sur l\u2019am\u00e9lioration continue des processus, en identifiant les inefficacit\u00e9s et en proposant des actions concr\u00e8tes pour optimiser les op\u00e9rations, avec des r\u00e9sultats mesurables et durables pour l\u2019ensemble de l\u2019organisation.<\/p>\n                  <\/div>\n                <\/div>\n              <\/div>\n            <\/div>\n          <\/div>\n          <div class=\"h-column h-column-container d-flex h-col-lg-auto h-col-md-auto h-col-auto style-445-outer style-local-853-c16-outer\">\n            <div data-colibri-id=\"853-c16\" class=\"d-flex h-flex-basis h-column__inner h-px-lg-1 h-px-md-1 h-px-1 v-inner-lg-1 v-inner-md-1 v-inner-1 style-445 style-local-853-c16 position-relative\">\n              <!---->\n              <!---->\n              <div class=\"w-100 h-y-container h-column__content h-column__v-align flex-basis-100 align-self-lg-start align-self-md-start align-self-start\">\n                <!---->\n                <div data-colibri-id=\"853-c17\" class=\"d-block style-446 style-local-853-c17 position-relative h-element\">\n                  <!---->\n                  <div class=\"h-image__frame-container-outer\">\n                    <div class=\"h-image__frame-container\">\n                      <!---->\n                      <!---->\n                      <img loading=\"lazy\" decoding=\"async\" width=\"662\" height=\"662\" src=\"http:\/\/opiim.com\/wp-content\/uploads\/2025\/04\/cropped-Action-2.jpg\" class=\"wp-image-865 style-446-image style-local-853-c17-image\" alt=\"\" srcset=\"https:\/\/opiim.com\/wp-content\/uploads\/2025\/04\/cropped-Action-2.jpg 662w, https:\/\/opiim.com\/wp-content\/uploads\/2025\/04\/cropped-Action-2-300x300.jpg 300w, https:\/\/opiim.com\/wp-content\/uploads\/2025\/04\/cropped-Action-2-150x150.jpg 150w\" sizes=\"auto, (max-width: 662px) 100vw, 662px\" \/>\n                      <div class=\"h-image__frame h-hide-lg h-hide-md h-hide-sm style-446-frameImage style-local-853-c17-frameImage\"><\/div>\n                    <\/div>\n                  <\/div>\n                <\/div>\n              <\/div>\n            <\/div>\n          <\/div>\n        <\/div>\n      <\/div>\n    <\/div>\n  <\/div>\n  <div data-colibri-component=\"section\" data-colibri-id=\"853-c18\" id=\"custom-4\" class=\"h-section h-section-global-spacing d-flex align-items-lg-center align-items-md-center align-items-center style-451 style-local-853-c18 position-relative\">\n    <!---->\n    <!---->\n    <div class=\"h-section-grid-container h-section-boxed-container\">\n      <!---->\n      <div data-colibri-id=\"853-c19\" class=\"h-row-container gutters-row-lg-1 gutters-row-md-1 gutters-row-0 gutters-row-v-lg-1 gutters-row-v-md-1 gutters-row-v-1 style-452 style-local-853-c19 position-relative\">\n        <!---->\n        <div class=\"h-row justify-content-lg-center justify-content-md-center justify-content-center align-items-lg-stretch align-items-md-stretch align-items-stretch gutters-col-lg-1 gutters-col-md-1 gutters-col-0 gutters-col-v-lg-1 gutters-col-v-md-1 gutters-col-v-1\">\n          <!---->\n          <div class=\"h-column h-column-container d-flex h-col-lg-auto h-col-md-auto h-col-auto style-453-outer style-local-853-c20-outer\">\n            <div data-colibri-id=\"853-c20\" class=\"d-flex h-flex-basis h-column__inner h-px-lg-1 h-px-md-1 h-px-1 v-inner-lg-1 v-inner-md-1 v-inner-1 style-453 style-local-853-c20 position-relative\">\n              <!---->\n              <!---->\n              <div class=\"w-100 h-y-container h-column__content h-column__v-align flex-basis-100 align-self-lg-start align-self-md-start align-self-start\">\n                <!---->\n                <div data-colibri-id=\"853-c21\" class=\"h-text h-text-component style-455 style-local-853-c21 position-relative h-element\">\n                  <!---->\n                  <!---->\n                  <div class=\"\">\n                    <h5>Miroir de la performance<\/h5>\n                    <p>Le succ\u00e8s d\u2019un plan d\u2019action ne se mesure pas uniquement \u00e0 sa mise en \u0153uvre, mais aussi \u00e0 sa capacit\u00e9 \u00e0 produire des r\u00e9sultats concrets et durables. C\u2019est pourquoi nous proposons un feedback ind\u00e9pendant pour \u00e9valuer les progr\u00e8s r\u00e9alis\u00e9s\n                      et ajuster les actions si n\u00e9cessaire. Ce regard ext\u00e9rieur, impartial et objectif, permet d\u2019identifier les forces de votre d\u00e9marche et de mettre en lumi\u00e8re les \u00e9ventuels \u00e9carts entre les objectifs initiaux et les r\u00e9sultats obtenus.<\/p>\n                    <p>En collaborant \u00e9troitement avec vos \u00e9quipes, nous assurons un suivi structur\u00e9 qui garantit la pertinence des ajustements propos\u00e9s et leur alignement avec vos priorit\u00e9s strat\u00e9giques. Ce processus offre \u00e0 votre organisation un outil\n                      pr\u00e9cieux pour renforcer l\u2019efficacit\u00e9 des initiatives engag\u00e9es, tout en instaurant une dynamique d\u2019am\u00e9lioration continue. Le retour d\u2019exp\u00e9rience devient ainsi une ressource essentielle pour maximiser la performance et p\u00e9renniser les\n                      bonnes pratiques.<\/p>\n                  <\/div>\n                <\/div>\n              <\/div>\n            <\/div>\n          <\/div>\n          <div class=\"h-column h-column-container d-flex h-col-lg-auto h-col-md-auto h-col-auto style-454-outer style-local-853-c22-outer\">\n            <div data-colibri-id=\"853-c22\" class=\"d-flex h-flex-basis h-column__inner h-px-lg-2 h-px-md-2 h-px-2 v-inner-lg-2 v-inner-md-2 v-inner-2 style-454 style-local-853-c22 position-relative\">\n              <!---->\n              <!---->\n              <div class=\"w-100 h-y-container h-column__content h-column__v-align flex-basis-100 align-self-lg-start align-self-md-start align-self-start\">\n                <!---->\n                <div data-colibri-id=\"853-c23\" class=\"d-block style-456 style-local-853-c23 position-relative h-element\">\n                  <!---->\n                  <div class=\"h-image__frame-container-outer\">\n                    <div class=\"h-image__frame-container\">\n                      <!---->\n                      <!---->\n                      <img loading=\"lazy\" decoding=\"async\" width=\"664\" height=\"664\" src=\"http:\/\/opiim.com\/wp-content\/uploads\/2025\/04\/cropped-Action-3.jpg\" class=\"wp-image-868 style-456-image style-local-853-c23-image\" alt=\"\" srcset=\"https:\/\/opiim.com\/wp-content\/uploads\/2025\/04\/cropped-Action-3.jpg 664w, https:\/\/opiim.com\/wp-content\/uploads\/2025\/04\/cropped-Action-3-300x300.jpg 300w, https:\/\/opiim.com\/wp-content\/uploads\/2025\/04\/cropped-Action-3-150x150.jpg 150w\" sizes=\"auto, (max-width: 664px) 100vw, 664px\" \/>\n                      <div class=\"h-image__frame h-hide-lg h-hide-md h-hide-sm style-456-frameImage style-local-853-c23-frameImage\"><\/div>\n                    <\/div>\n                  <\/div>\n                <\/div>\n              <\/div>\n            <\/div>\n          <\/div>\n        <\/div>\n      <\/div>\n    <\/div>\n  <\/div>\n<\/div>","protected":false},"excerpt":{"rendered":"<p>Le succ\u00e8s d\u2019un plan d\u2019action repose sur une conception rigoureuse, une mise en \u0153uvre efficace et un suivi adapt\u00e9. Nous vous accompagnons \u00e0 chaque \u00e9tape, en proposant des solutions concr\u00e8tes et personnalis\u00e9es pour transformer vos objectifs strat\u00e9giques en r\u00e9sultats mesurables. Retour D\u00e9veloppement de Plans d\u2019Actions Structur\u00e9s Notre approche s\u2019appuie sur la m\u00e9thodologie GDAR, qui permet [&hellip;]<\/p>\n","protected":false},"author":1,"featured_media":0,"parent":0,"menu_order":0,"comment_status":"closed","ping_status":"closed","template":"page-templates\/full-width-page.php","meta":{"footnotes":""},"class_list":["post-853","page","type-page","status-publish","hentry"],"_links":{"self":[{"href":"https:\/\/opiim.com\/index.php?rest_route=\/wp\/v2\/pages\/853","targetHints":{"allow":["GET"]}}],"collection":[{"href":"https:\/\/opiim.com\/index.php?rest_route=\/wp\/v2\/pages"}],"about":[{"href":"https:\/\/opiim.com\/index.php?rest_route=\/wp\/v2\/types\/page"}],"author":[{"embeddable":true,"href":"https:\/\/opiim.com\/index.php?rest_route=\/wp\/v2\/users\/1"}],"replies":[{"embeddable":true,"href":"https:\/\/opiim.com\/index.php?rest_route=%2Fwp%2Fv2%2Fcomments&post=853"}],"version-history":[{"count":3,"href":"https:\/\/opiim.com\/index.php?rest_route=\/wp\/v2\/pages\/853\/revisions"}],"predecessor-version":[{"id":983,"href":"https:\/\/opiim.com\/index.php?rest_route=\/wp\/v2\/pages\/853\/revisions\/983"}],"wp:attachment":[{"href":"https:\/\/opiim.com\/index.php?rest_route=%2Fwp%2Fv2%2Fmedia&parent=853"}],"curies":[{"name":"wp","href":"https:\/\/api.w.org\/{rel}","templated":true}]}}